199?
-a86
In base 5, what is 243 + -1130?
-332
In base 6, what is -30 - 24042?
-24112
In base 2, what is 111000111 - 110101100?
11011
In base 4, what is 30 - 132022?
-131332
In base 4, what is -210101 + 1302?
-202133
In base 9, what is 1 - 743541?
-743540
In base 4, what is 2201 + -2021?
120
In base 16, what is 101 + 57d5?
58d6
In base 10, what is -73968 - -4?
-73964
In base 2, what is -11110001100 - -110100?
-11101011000
In base 13, what is -1 + 97c8?
97c7
In base 7, what is -22115 - 3?
-22121
In base 4, what is 123322 + 103?
130031
In base 10, what is 449 - 210?
239
In base 9, what is 1280 - -7?
1287
In base 16, what is a2ce2 - 0?
a2ce2
In base 5, what is -2 + 2300311?
2300304
In base 6, what is 31230 + 0?
31230
In base 2, what is 1000111011100 - 10?
1000111011010
In base 9, what is 38 + -1061?
-1022
In base 4, what is 21023 + 0?
21023
In base 15, what is 3 + 19a1d?
19a21
In base 9, what is -2074 + -1304?
-3378
In base 3, what is 112120010 + 2?
112120012
In base 8, what is -260470 - 0?
-260470
In base 4, what is 3333021 + 111?
3333132
In base 13, what is -263c + -ba?
-2729
In base 10, what is 866 + -38?
828
In base 9, what is 5 - 4835?
-4830
In base 10, what is 128 - 16018?
-15890
In base 6, what is 4543 - 3040?
1503
In base 5, what is 0 + -11134232?
-11134232
In base 7, what is 26055 - -160?
26245
In base 6, what is 0 + -103423?
-103423
In base 7, what is -340523 + 4?
-340516
In base 13, what is -423b - 5?
-4243
In base 14, what is 8 + -d49?
-d41
In base 6, what is 3022 + -3202?
-140
In base 7, what is -245522 - 4?
-245526
In base 14, what is -1 + 3a6bc?
3a6bb
In base 6, what is 231552 + 54?
232050
In base 9, what is -1330 + -7870?
-10310
In base 13, what is -2 - 650b?
-6510
In base 13, what is 20b6 + 0?
20b6
In base 7, what is -1 + 40461?
40460
In base 2, what is 111101001110 - -1111?
111101011101
In base 7, what is 21252 - -145?
21430
In base 7, what is -5 + -415242?
-415250
In base 15, what is 4 - 126?
-122
In base 8, what is 2175 + -1625?
350
In base 12, what is 1 + 59400?
59401
In base 14, what is 36 + 9ac2?
9b18
In base 11, what is 2645 - -14?
2659
In base 6, what is -20245 + 331?
-15514
In base 12, what is -1 + 73b32?
73b31
In base 3, what is 110012 + 220022?
1100111
In base 15, what is -a + -43cd?
-43d8
In base 9, what is -4 + -18040?
-18044
In base 16, what is -97b5 - 1?
-97b6
In base 4, what is 3101120213 - 11?
3101120202
In base 6, what is -51415 - 33?
-51452
In base 8, what is 3 + 55305?
55310
In base 11, what is 3107 + 9?
3115
In base 11, what is 1263 + 1596?
2849
In base 11, what is 139a90 + 1?
139a91
In base 15, what is -2e69 - 3?
-2e6c
In base 12, what is -31618 - 5?
-31621
In base 8, what is -12 - 217032?
-217044
In base 15, what is -36 + 1aa?
174
In base 14, what is -b2 - -c?
-a4
In base 5, what is 1143342 + 10?
1143402
In base 3, what is 11122020001 + 12?
11122020020
In base 16, what is -57f28 + -4?
-57f2c
In base 10, what is -3 + -46451?
-46454
In base 4, what is 102123 + -2022?
100101
In base 10, what is 502 + -149?
353
In base 13, what is -119 + -a19?
-b35
In base 13, what is 696 + -291?
405
In base 4, what is 3230 - -13100?
22330
In base 13, what is 0 + b1740?
b1740
In base 9, what is -23 + -2186?
-2220
In base 7, what is -5 - -2155103?
2155065
In base 8, what is 3 - 33452?
-33447
In base 5, what is 0 - -200101?
200101
In base 15, what is -1 - -145b0?
145ae
In base 7, what is -1 - -3630331?
3630330
In base 10, what is -2217 - 24?
-2241
In base 12, what is 205b5 + 2?
205b7
In base 10, what is -180628 + 4?
-180624
In base 14, what is 1 + -59b50?
-59b4d
In base 7, what is -236203 - -2?
-236201
In base 12, what is 2 - -12082?
12084
In base 3, what is -1111 - 20100?
-21211
In base 11, what is 0 - 13952?
-13952
In base 13, what is 4 - -4c09?
4c10
In base 3, what is -2012101 + 11222210?
2210102
In base 6, what is -243 - -113243?
113000
In base 15, what is ce + 722?
801
In base 14, what is 2 + 103b6?
103b8
In base 7, what is 5 + -131266?
-131261
In base 7, what is -2 + -143420?
-143422
In base 16, what is d1 - f7?
-26
In base 16, what is 5 - -ac1a?
ac1f
In base 13, what is 1a39 - -4b8?
2224
In base 5, what is 4 + 2132340?
2132344
In base 14, what is 3b795 - 20?
3b775
In base 13, what is -1870 + 2?
-186b
In base 7, what is -5 - 46405?
-46413
In base 2, what is -1011 - 111011101000000?
-111011101001011
In base 5, what is 1101143302 + 10?
1101143312
In base 14, what is -264c5b + -4?
-264c61
In base 4, what is -11 + -11311113?
-11311130
In base 6, what is -2 - 345403?
-345405
In base 2, what is -111010111111101100111 - -11?
-111010111111101100100
In base 2, what is 100100100 + -11001101?
1010111
In base 8, what is -611365 - 5?
-611372
In base 5, what is -213 + -31344?
-32112
In base 4, what is 20122032231 - -2?
20122032233
In base 9, what is 5 - -1253745?
1253751
In base 8, what is -44375 + 372?
-44003
In base 11, what is 0 + 6a89?
6a89
In base 15, what is 2 - cc5e2?
-cc5e0
In base 6, what is 404 + 343?
1151
In base 15, what is -4 - -9de62?
9de5d
In base 13, what is 2 + c114?
c116
In base 13, what is 10a - 1c9?
-bc
In base 15, what is -4 - -b563d?
b5639
In base 7, what is 3504023 - 0?
3504023
In base 8, what is 1350 + 41?
1411
In base 11, what is -589 + 1314?
836
In base 6, what is -443 + 311?
-132
In base 4, what is 2101 - -1020122?
1022223
In base 5, what is -14010 + 13?
-13442
In base 2, what is -10000110001 + -111001011?
-10111111100
In base 8, what is -23442 + 1?
-23441
In base 14, what is 2bb - 19a?
121
In base 2, what is -101101110011000000 - 111?
-101101110011000111
In base 10, what is 9122 - -11?
9133
In base 4, what is -22310322230 - 0?
-22310322230
In base 13, what is -52b7 + -3?
-52ba
In base 11, what is 10367 - 20?
10347
In base 4, what is 2 - -1112113202?
1112113210
In base 13, what is 4 + -116b?
-1167
In base 9, what is -54111 - -12?
-54088
In base 12, what is 363 + -1793?
-1430
In base 12, what is -2b4a - 76?
-3004
In base 9, what is 2 - 833058?
-833056
In base 9, what is 28162 + 5?
28167
In base 8, what is 0 - -1171473?
1171473
In base 11, what is 5 + 25152?
25157
In base 12, what is 15 + 2134?
2149
In base 12, what is 6751b + 0?
6751b
In base 14, what is 2578 - -121?
2699
In base 13, what is 1121 - -442?
1563
In base 10, what is 172 + -78?
94
In base 10, what is 3 - 1368492?
-1368489
In base 3, what is 212 + 12102?
20021
In base 15, what is -29ae9 + -12?
-29b0b
In base 9, what is -6 - -718357?
718351
In base 14, what is -5d - 842?
-8a1
In base 12, what is -54bb - -1?
-54ba
In base 16, what is e - 122d?
-121f
In base 9, what is 2748 + -1173?
1565
In base 15, what is 0 + -770?
-770
In base 7, what is -13642456 + 2?
-13642454
In base 8, what is -36342 - -4?
-36336
In base 13, what is -a + 28c?
282
In base 3, what is -20021002 - 122?
-20021201
In base 13, what is -21 - 2ca?
-31b
In base 11, what is -45 + -3a5?
-43a
In base 12, what is 5 - ab0a?
-ab05
In base 9, what is 86107 + 65?
86173
In base 5, what is -20 - -313022?
313002
In base 8, what is 5 - 51041?
-51034
In base 7, what is 11 + 2530?
2541
In base 13, what is -289 - 26b?
-527
In base 2, what is 1100 - 110101010011010111?
-110101010011001011
In base 16, what is b2 - -4?
b6
In base 14, what is 1166 - 9c?
10a8
In base 5, what is 13 - -33402?
33420
In base 10, what is -26 - 1075?
-1101
In base 3, what is -2200 - -102201?
100001
In base 16, what is 0 - 256a?
-256a
In base 14, what is 979c - 3b?
9761
In base 6, what is 0 + 1212305?
1212305
In base 7, what is 5135 + 56?
5224
In base 6, what is -3 + 52035?
52032
In base 2, what is -11 + 110010000001?
110001111110
In base 9, what is -34 - 1135?
-1170
In base 2, what is -101010 + -1010100001100?
-1010100110110
In base 2, what is -100110011100011 + -1111?
-100110011110010
In base 12, what is -1870 + -211?
-1a81
In base 16, what is 3 - 319d?
-319a
In base 12, what is 23896 + 23?
238b9
In base 10, what is 0 + -43444?
-43444
In base 3, what is -202222212 - -2?
-202222210
In base 3, what is -100212012 - 101?
-100212120
In base 10, what is 1 + -2797?
-2796
In base 4, what is -2011301230 - 2?
-2011301232
In base 13, what is 3 - 4722?
-471c
In base 15, what is 17e + -1?
17d
In base 6, what is 3414 - 302?
3112
In base 5, what is -1 + 1113441?
1113440
In base 14, what is -2 + -1c47?
-1c49
In base 3, what is 21210020012 - -